ue of 15 - (12 + 0 + (32 - 14 - 24))?
9
Calculate -8 - (4 + (1 - -2) + (-13 - -14)).
-16
What is the value of 30 + -22 + -10 - (6 + 0)?
-8
What is the value of 7 - (9 - 6 - -7) - (3 - -1)?
-7
What is the value of (-12 - (-8 + -10) - 20) + (1 - -1)?
-12
Calculate 3 + 7 - (37 + -37).
10
8 + -3 + 5 + (-1 - 2) + -9
-2
Evaluate (-28 + 28 - (1 + 13)) + 11.
-3
What is the value of 311 - 294 - (5 + 31)?
-19
What is 17 + (4 - (-5 - -5)) + -8 + 6?
19
Calculate (18 - (-2 - -12)) + -14.
-6
What is the value of (-13 - -1) + (-1 - (32 - 44))?
-1
Calculate (1 - (-5 + -1 + 4)) + (-148 - -142).
-3
What is -10 + 2 + (28 - (27 - 0))?
-7
What is the value of 1 + -5 + (-22 - (-15 + -27 + 0))?
16
Evaluate (-20 - (-55 - -37)) + (0 - 1).
-3
Evaluate -11 + (16 - 1) + (7 - 4).
7
11 + (4 - (2 + (3 - 0))) + -2
8
What is the value of 25 + -32 - (5 + -1)?
-11
24 + -7 + (64 - 68)
13
What is the value of 14 - (-17 + 13 + 22 + 0)?
-4
-3 + (-5 - 13) - -8
-13
What is the value of 2 + -2 + -5 - (2 - -3)?
-10
What is (-10 - 0) + -2 + 6 + -7?
-13
Calculate -3 + 12 + 2 + (-194 - -204).
21
What is the value of 32 + (24 - (-17 - -69))?
4
What is -27 - (-16 - (18 + -14)) - (1 - -12)?
-20
What is the value of 0 + -1 + 1 + (-1 - 10)?
-11
Evaluate 4 + -9 + 6 + (3 - (3 + -6)).
7
Calculate (1 - 5) + (-32 - -39).
3
Calculate (3 - (-6 + 2)) + -5 - 20.
-18
What is the value of -4 + (-4 - -2) + 17?
11
What is the value of -45 + 19 - (3 - 22)?
-7
What is the value of (2 - (-8 + 19)) + (-11 - -14)?
-6
What is the value of -6 + (14 - (36 - 1))?
-27
What is the value of 7 - (-4 - (-19 - -14))?
6
Calculate 14 + -8 + 7 + -10.
3
Calculate -12 - (-16 + 6 + 4 + 3).
-9
What is the value of 10 + -1 - (20 + 3)?
-14
What is 29 + -29 + (1 - -8) - (1 - 5)?
13
What is 16 - (37 + (-16 - -1))?
-6
What is -63 - -58 - (-1 - -8 - (0 - -1))?
-11
What is the value of -4 + (-4 - (6 + -8) - 3)?
-9
Calculate -16 + (34 - 2) + -31.
-15
Calculate (-16 - -6) + -13 + (15 - 12).
-20
What is -10 + -3 + 3 + -8 + 1 + 3?
-14
Calculate -5 + (-5 - -18) + -4 - (-13 + 12).
5
Calculate -15 + 7 - (-33 - -1).
24
Calculate 5 - (3 - (-1 - -5)) - 7.
-1
-31 + 60 + 12 + -32
9
Evaluate 9 - (-14 + 4 + -2 + 3).
18
What is the value of 5 + (-1 + -2 - (4 + -9)) + -12?
-5
(-5 - 0) + 10 + (10 - 40) + 12
-13
Evaluate 12 + 0 - (20 + 9 + -8) - -2.
-7
Calculate 43 - (3 + -4 + 15 + (-13 - -8)).
34
What is (-15 - -4) + (-5 - (-8 + -3))?
-5
-15 + (8 - (-21 - -24))
-10
Calculate (-13 - (-13 + -2)) + -14.
-12
-9 - -4 - 6 - (-5 - -3)
-9
What is the value of -4 + (-79 - -71) + 15 + 2?
5
-58 - -42 - (-3 - 34)
21
(15 - 17) + 16 + 0
14
What is the value of (13 - (-6 + 10)) + (10 - 3)?
16
What is the value of -4 - 2 - (-14 + 13 - (1 + -8))?
-12
Calculate (16 - (-9 - -26)) + -3.
-4
-4 - ((-5 + 2 - -1) + 4 - 5)
-1
What is the value of 9 + ((-5 - 0) + (43 - 48) - 1)?
-2
Evaluate -3 + 13 + 20 + -30 + -7.
-7
Calculate -10 + 31 + -28 - -20.
13
What is (8 - 12) + 6 + -2?
0
Evaluate 8 - ((7 - (1 + -3)) + -11).
10
Evaluate -12 - -12 - (-1 - (-18 - (2 - 0))).
-19
Calculate 3 - (4 + (-3 - (-9 - (-6 - -5)))).
-6
Evaluate (-7 - -1) + 18 + 5 + -17 + 1.
1
Calculate (-13 - (-8 + 4)) + (6 - 18 - -11).
-10
Calculate (-3 - -4) + -7 + 8 + (6 - 11).
-3
Calculate 75 + (-26 - -2) + -30.
21
46 + 0 - (41 - 21)
26
What is the value of 6 + (6 + -13 - 5) - (2 + -31)?
23
What is the value of 5 + -1 + 9 + (-6 - -6) + -24?
-11
What is 3 - (-1 + 0) - 23 - (-12 - -8)?
-15
What is the value of (-29 - (6 + -20)) + 18 + -18?
-15
-6 - (8 + -2) - -6 - -18
12
Calculate -2 + 3 - (5 + -1 + -2 + -10).
9
Calculate (0 - -49) + (609 - 642).
16
What is the value of 73 - 83 - (1 - 1) - 16?
-26
0 + -5 + 0 + (41 - 8) + -29
-1
(23 - -46) + -14 + -37
18
1 - 21 - (-17 + 19) - (64 + -62)
-24
Calculate 3 + 12 + (-23 - (4 + -16) - -3).
7
Evaluate -15 + 36 + -19 + 9.
11
What is the value of (-101 - 11) + 101 - (-6 + -1)?
-4
-9 + 0 + (15 - 9)
-3
Evaluate (2 + 22 - -7) + -18.
13
Evaluate (4 - -23) + -37 + 32 + 2.
24
5 - -1 - (27 + (-10 - (21 - 15)))
-5
What is the value of 22 + -17 + 8 + -2?
11
What is the value of (486 - 489) + (-10 + -2 - 2)?
-17
What is 257 + -237 - (26 + 0)?
-6
What is the value of (8 - 31 - -8) + (-1 + -1 - -9)?
-8
What is the value of -21 + 8 + 20 + -11?
-4
What is the value of ((-9 - 2) + 3 - -1) + -4?
-11
-21 + (45 - (7 - -21))
-4
What is 23 - (51 + -2) - -31?
5
Calculate 4 - (2 - (-10 + (5 - 8 - -7))).
-4
1 + 9 + 7 - 11
6
What is -11 - (-8 + 8) - -19?
8
Calculate (-12 - 13) + 10 + 1.
-14
Evaluate 31 + 23 + -74 + 27.
7
Calculate (4 - 6 - -8) + -11 + (12 - 1).
6
Calculate (7 - -7) + 11 + -5 + -9.
11
What is the value of -6 - (-11 + -4 + 10)?
-1
What is the value of 0 + -3 + (10 - 9) + -5?
-7
Evaluate 2 + 0 + (34 - -26 - 44).
18
Evaluate -6 + (-7 - (-18 + 6 - 2)).
1
Calculate 4 + (20 - (20 - 8)).
12
Calculate 11 - (2 + 0 + 16).
-7
What is the value of -29 - (-59 - -23) - 3?
4
Calculate 7 + 10 + 5 + (-11 - -7).
18
(-14 - 0) + 7 - -1
-6
10 + (-11 - -12 - (-1 - -1 - -7))
4
-16 + (-5 + (-1 - 2) - (5 - 11))
-18
Calculate -17 - (22 + (-2 - 18)) - (0 + -7).
-12
Calculate 3 + -2 - ((1 - 33) + (4 - -8)).
21
Calculate 25 + -23 + (-1 - -7).
8
22 + (39 - 19) + -2 + -5
35
What is (-4 - 11 - 0) + (-86 - -91)?
-10
-4 - (-8 + -7) - 14 - 5
-8
Evaluate (1 - (-12 + 1 - 1)) + -1.
12
-1 + 13 + (3 - 16) + 13 + -10
2
Calculate 1 + 31 + -11 + 16 + -14 + 0.
23
Evaluate -6 + (16 - 16 - -19).
13
What is 36 - -2 - (8 + 21)?
9
Evaluate -7 + -4 + 2 - (-33 - -36).
-12
What is 5 + (9 - (-7 - (-7 + 17)))?
31
Calculate -2 - 2 - -16 - (-24 + 22).
14
Calculate (-6 + 1 - (60 + -61)) + -8.
-12
Calculate (1 - (1 - 7)) + (-6 - -1).
2
Calculate (-41 - -33) + 25 + -3.
14
(9 - -5 - 20) + (1 - 1)
-6
What is the value of 12 - (11 + 1 + -1)?
1
What is the value of 167 + -172 + (-3 - -3 - 10)?
-15
What is 38 + (-4 - 15 - 0)?
19
Calculate -25 + -3 + 23 + (27 - 0).
22
Evaluate -12 + 42 + -23 - (0 + 8).
-1
What is -11 + (-32 - -24) + 45 + (2 - -2)?
30
3 + (9 - 2) + (39 - 10) + -66
-27
What is 2 + -2 + 5 - (-70 + 61)?
14
12 - (-7 + 27 - 8)
0
Calculate (6 - 0) + (-17 - -26) + -14.
1
What is (-15 + (1 - -6) - 7) + 1 + 2?
-12
Evaluate 2 + -15 + -3 + 10 + 15.
9
What is the value of 1 + (22 - (7 + (7 - 8))) + 10?
27
What is -3 + (1 - (10 - 22)) + -11?
-1
-11 + (12 - (-14 - -21))
-6
What is the value of (19 + -26 - -19) + (1 - -8)?
21
22 - ((-4 - -3) + (-25 + 15 - -15))
18
What is the value of (17 - (19 + 15) - -28) + 3?
14
(29 - (-2 + 30)) + 12
13
Calculate -3 + -15 - (-33 + 9).
6
What is the value of -1 - (14 + (7 - 13))?
-9
Calculate -2 + -5 + 11 + -7 + 3 + -4.
-4
Evaluate (-8 + 6 + 1 - -24) + -9.
14
What is 6 + (5 - 3) + -3?
5
Evaluate 2 + (1 - (1 + -8 - -5 - -3)).
2
What is -124 + 130 + (24 - 0) + (3 - 2)?
31
-3 + 0 + -6 - 10 - -27
8
What is -31 - (-15 - (3 - 2))?
-15
Evaluate (0 - (3 + -3 + -10)) + 3.
13
What is -6 + (2 - 3) + (-2 - (16 + -13))?
-12
Evaluate (5 - (-10 - 6 - -8)) + -6 + -14.
-7
What is 20 - (5 + (-21 - -11) + 15)?
10
What is (-9 - -4) + (3 - (-6 - 0)) + 8?
12
Calculate (-1 - -3) + 4 - (84 - 87).
9
Calculate -21 + (40 - 20 - 7).
-8
Evaluate (-5 - (0 + 12)) + 8 - -17 - 23.
-15
-1 + 2 + 0 + 6 + (-3 - -4)
8
What is the value of 4 - (12 - (3 + 4)) - (5 + -31)?
25
34 + -42 - (6 + -2 + 8)
-20
What is -1260 + 1255 + (1 - (-1 - 3 - -1))?
-1
Calculate -5 - (0 - -7 - (6 - 3 - 3)).
-12
Evaluate (5 - (12 - -8)) + 3.
-12
Calculate 2 - (-15 - -9 - -9) - (-2 + 0).
1
What is (13 + (-16 - -2) + 11 - 4) + 10?
16
Evaluate (-87 - -86) + (23 - 3) - 19.
0
Evaluate 0 - (-1 + 13) - (274 - 267).
-19
Evaluate -10 + -15 + 24 - 12.
-13
Evaluate 0 - (-9 - -4 - 1).
6
Evaluate -5 + 6 + 22 + (1 - (2 + 6)).
16
Evaluate 8 + (2 + -6 + 3 - 18).
-11
-13 + 5 + 14 + -13 + 3
-4
What is the value of 1 + -19 - (26 - 47)?
3
-15 - (-25 + 34) - -3
-21
What is -24 + (17 - -32) - 26?
-1
Evaluate 19 - (-8 + 10 + -2).
19
Evaluate 23 + 1 - (90 - 79) - 4.
9
What is the value of 34 - 43 - (3 - 7)?
-5
What is the value of (-2 - (-5 + 4 + 6)) + -16 + 6?
-17
What is (14 - 26) + 4 - -10?
2
Calculate -1 - (1 + 2 - (44 + -48)) - -27.
19
Evaluate 2 + -4 - (-82 - -80).
0
What is 15 - (-4 + 11 + 0 + -3)?
11
What is the value of -401 + 408 + (-22 - (1 + -1 - -1))?
-16
(809 - 818) + ((3 - 6) + 0 - 7)
-19
Calculate 5 - ((8 - -2) + -4).
-1
What is the value of -14 + (2 - 6) + -8 + 10 + 1?
-